{"id":64,"date":"2022-09-29T16:59:37","date_gmt":"2022-09-29T16:59:37","guid":{"rendered":"https:\/\/fcalorient.fr\/?page_id=64"},"modified":"2026-03-18T18:08:54","modified_gmt":"2026-03-18T18:08:54","slug":"home","status":"publish","type":"page","link":"https:\/\/fcalorient.fr\/","title":{"rendered":"Accueil"},"content":{"rendered":"\t\t<div data-elementor-type=\"wp-page\" data-elementor-id=\"64\" class=\"elementor elementor-64\">\n\t\t\t\t\t\t<section class=\"elementor-section elementor-top-section elementor-element elementor-element-22dbeb03 elementor-section-boxed elementor-section-height-default elementor-section-height-default\" data-id=\"22dbeb03\" data-element_type=\"section\" data-e-type=\"section\">\n\t\t\t\t\t\t<div class=\"elementor-container elementor-column-gap-default\">\n\t\t\t\t\t<div class=\"elementor-column elementor-col-100 elementor-top-column elementor-element elementor-element-2f4fde66\" data-id=\"2f4fde66\" data-element_type=\"column\" data-e-type=\"column\">\n\t\t\t<div class=\"elementor-widget-wrap elementor-element-populated\">\n\t\t\t\t\t\t<div class=\"elementor-element elementor-element-735961cb elementor-widget elementor-widget-text-editor\" data-id=\"735961cb\" data-element_type=\"widget\" data-e-type=\"widget\" data-widget_type=\"text-editor.default\">\n\t\t\t\t<div class=\"elementor-widget-container\">\n\t\t\t\t\t\t\t\t\t\n<h3 style=\"text-align: left;\">Le Foyer Culturel de l&rsquo;Amiti\u00e9\u00a0 en quelques mots :<\/h3>\n<ul>\n<li style=\"text-align: left;\">\n<h3>200 adh\u00e9rent.e.s<\/h3>\n<\/li>\n<li style=\"text-align: left;\">\n<h3>20 animateurs animatrices<\/h3>\n<\/li>\n<li style=\"text-align: left;\">\n<h3>une trentaine de b\u00e9n\u00e9voles<\/h3>\n<\/li>\n<li style=\"text-align: left;\">\n<h3>11 membres du Conseil d&rsquo;Administration<\/h3>\n<\/li>\n<li style=\"text-align: center;\">\n<h3 style=\"text-align: left;\">une vingtaine d&rsquo;activit\u00e9s r\u00e9parties sur 6 jours par semaine et dans 6 grandes cat\u00e9gories :<\/h3>\n<\/li>\n<\/ul>\n\t\t\t\t\t\t\t\t<\/div>\n\t\t\t\t<\/div>\n\t\t\t\t\t<\/div>\n\t\t<\/div>\n\t\t\t\t\t<\/div>\n\t\t<\/section>\n\t\t\t\t<section class=\"elementor-section elementor-top-section elementor-element elementor-element-a3c2c9d elementor-section-boxed elementor-section-height-default elementor-section-height-default\" data-id=\"a3c2c9d\" data-element_type=\"section\" data-e-type=\"section\">\n\t\t\t\t\t\t<div class=\"elementor-container elementor-column-gap-default\">\n\t\t\t\t\t<div class=\"elementor-column elementor-col-33 elementor-top-column elementor-element elementor-element-5d3737f2\" data-id=\"5d3737f2\" data-element_type=\"column\" data-e-type=\"column\">\n\t\t\t<div class=\"elementor-widget-wrap elementor-element-populated\">\n\t\t\t\t\t\t<div class=\"elementor-element elementor-element-169c89c6 elementor-widget elementor-widget-heading\" data-id=\"169c89c6\" data-element_type=\"widget\" data-e-type=\"widget\" data-widget_type=\"heading.default\">\n\t\t\t\t<div class=\"elementor-widget-container\">\n\t\t\t\t\t<h2 class=\"elementor-heading-title elementor-size-default\">ARTISTIQUE<\/h2>\t\t\t\t<\/div>\n\t\t\t\t<\/div>\n\t\t\t\t\t<\/div>\n\t\t<\/div>\n\t\t\t\t<div class=\"elementor-column elementor-col-66 elementor-top-column elementor-element elementor-element-4457c63c\" data-id=\"4457c63c\" data-element_type=\"column\" data-e-type=\"column\">\n\t\t\t<div class=\"elementor-widget-wrap elementor-element-populated\">\n\t\t\t\t\t\t<div class=\"elementor-element elementor-element-12fa6ab8 elementor-widget elementor-widget-text-editor\" data-id=\"12fa6ab8\" data-element_type=\"widget\" data-e-type=\"widget\" data-widget_type=\"text-editor.default\">\n\t\t\t\t<div class=\"elementor-widget-container\">\n\t\t\t\t\t\t\t\t\t<p><span style=\"color: #ffff00;\">Cr\u00e9atelier<\/span><\/p>\t\t\t\t\t\t\t\t<\/div>\n\t\t\t\t<\/div>\n\t\t\t\t\t<\/div>\n\t\t<\/div>\n\t\t\t\t\t<\/div>\n\t\t<\/section>\n\t\t\t\t<section class=\"elementor-section elementor-top-section elementor-element elementor-element-62d05047 elementor-section-boxed elementor-section-height-default elementor-section-height-default\" data-id=\"62d05047\" data-element_type=\"section\" data-e-type=\"section\">\n\t\t\t\t\t\t<div class=\"elementor-container elementor-column-gap-default\">\n\t\t\t\t\t<div class=\"elementor-column elementor-col-33 elementor-top-column elementor-element elementor-element-20e6a66d\" data-id=\"20e6a66d\" data-element_type=\"column\" data-e-type=\"column\">\n\t\t\t<div class=\"elementor-widget-wrap elementor-element-populated\">\n\t\t\t\t\t\t<div class=\"elementor-element elementor-element-65ba760 elementor-widget elementor-widget-heading\" data-id=\"65ba760\" data-element_type=\"widget\" data-e-type=\"widget\" data-widget_type=\"heading.default\">\n\t\t\t\t<div class=\"elementor-widget-container\">\n\t\t\t\t\t<h2 class=\"elementor-heading-title elementor-size-default\">BIEN \u00caTRE<\/h2>\t\t\t\t<\/div>\n\t\t\t\t<\/div>\n\t\t\t\t\t<\/div>\n\t\t<\/div>\n\t\t\t\t<div class=\"elementor-column elementor-col-66 elementor-top-column elementor-element elementor-element-12365915\" data-id=\"12365915\" data-element_type=\"column\" data-e-type=\"column\">\n\t\t\t<div class=\"elementor-widget-wrap elementor-element-populated\">\n\t\t\t\t\t\t<div class=\"elementor-element elementor-element-7f24ad29 elementor-widget elementor-widget-text-editor\" data-id=\"7f24ad29\" data-element_type=\"widget\" data-e-type=\"widget\" data-widget_type=\"text-editor.default\">\n\t\t\t\t<div class=\"elementor-widget-container\">\n\t\t\t\t\t\t\t\t\t<p><span style=\"color: #00ff00;\"><a href=\"https:\/\/fcalorient.fr\/index.php\/elementor-350\/\" style=\"color: #00ff00;\">Gymnastique \u00c9<\/a>quilibre<\/span><\/p>\n<p><a href=\"https:\/\/fcalorient.fr\/index.php\/elementor-422\/\"><span style=\"color: #00ff00;\">Sophrologie &#8211; Relaxation<\/span><\/a><\/p>\n<p><a href=\"https:\/\/fcalorient.fr\/index.php\/elementor-434\/\" style=\"font-size: inherit; font-family: var( --e-global-typography-text-font-family ), Sans-serif; font-weight: var( --e-global-typography-text-font-weight ); background-color: #343434;\"><span style=\"color: #00ff00;\">Yoga<\/span><\/a><\/p>\t\t\t\t\t\t\t\t<\/div>\n\t\t\t\t<\/div>\n\t\t\t\t\t<\/div>\n\t\t<\/div>\n\t\t\t\t\t<\/div>\n\t\t<\/section>\n\t\t\t\t<section class=\"elementor-section elementor-top-section elementor-element elementor-element-662e2484 elementor-section-boxed elementor-section-height-default elementor-section-height-default\" data-id=\"662e2484\" data-element_type=\"section\" data-e-type=\"section\">\n\t\t\t\t\t\t<div class=\"elementor-container elementor-column-gap-default\">\n\t\t\t\t\t<div class=\"elementor-column elementor-col-33 elementor-top-column elementor-element elementor-element-174d8779\" data-id=\"174d8779\" data-element_type=\"column\" data-e-type=\"column\">\n\t\t\t<div class=\"elementor-widget-wrap elementor-element-populated\">\n\t\t\t\t\t\t<div class=\"elementor-element elementor-element-78329cc1 elementor-widget elementor-widget-heading\" data-id=\"78329cc1\" data-element_type=\"widget\" data-e-type=\"widget\" data-widget_type=\"heading.default\">\n\t\t\t\t<div class=\"elementor-widget-container\">\n\t\t\t\t\t<h2 class=\"elementor-heading-title elementor-size-default\">CULTUREL<\/h2>\t\t\t\t<\/div>\n\t\t\t\t<\/div>\n\t\t\t\t\t<\/div>\n\t\t<\/div>\n\t\t\t\t<div class=\"elementor-column elementor-col-66 elementor-top-column elementor-element elementor-element-584a7f96\" data-id=\"584a7f96\" data-element_type=\"column\" data-e-type=\"column\">\n\t\t\t<div class=\"elementor-widget-wrap elementor-element-populated\">\n\t\t\t\t\t\t<div class=\"elementor-element elementor-element-4294cde2 elementor-widget elementor-widget-text-editor\" data-id=\"4294cde2\" data-element_type=\"widget\" data-e-type=\"widget\" data-widget_type=\"text-editor.default\">\n\t\t\t\t<div class=\"elementor-widget-container\">\n\t\t\t\t\t\t\t\t\t<p><a href=\"https:\/\/fcalorient.fr\/index.php\/elementor-144\/\"><span style=\"color: #99ccff;\">Anglais<\/span><\/a><\/p>\n<p><a href=\"https:\/\/fcalorient.fr\/index.php\/elementor-344\/\"><span style=\"color: #99ccff;\">Espagnol<\/span><\/a><\/p>\n<p><a href=\"https:\/\/fcalorient.fr\/index.php\/elementor-356\/\"><span style=\"color: #99ccff;\">Informatique<\/span><\/a><\/p>\n<p><a href=\"https:\/\/fcalorient.fr\/index.php\/elementor-410\/\"><span style=\"color: #99ccff;\">Remue-m\u00e9ninges<\/span><\/a><\/p>\n<p><a href=\"https:\/\/fcalorient.fr\/index.php\/elementor-416\/\"><span style=\"color: #99ccff;\">Scrabble<\/span><\/a><\/p>\t\t\t\t\t\t\t\t<\/div>\n\t\t\t\t<\/div>\n\t\t\t\t\t<\/div>\n\t\t<\/div>\n\t\t\t\t\t<\/div>\n\t\t<\/section>\n\t\t\t\t<section class=\"elementor-section elementor-top-section elementor-element elementor-element-4456e3f0 elementor-section-boxed elementor-section-height-default elementor-section-height-default\" data-id=\"4456e3f0\" data-element_type=\"section\" data-e-type=\"section\">\n\t\t\t\t\t\t<div class=\"elementor-container elementor-column-gap-default\">\n\t\t\t\t\t<div class=\"elementor-column elementor-col-33 elementor-top-column elementor-element elementor-element-26b204fa\" data-id=\"26b204fa\" data-element_type=\"column\" data-e-type=\"column\">\n\t\t\t<div class=\"elementor-widget-wrap elementor-element-populated\">\n\t\t\t\t\t\t<div class=\"elementor-element elementor-element-6f3cb899 elementor-widget elementor-widget-heading\" data-id=\"6f3cb899\" data-element_type=\"widget\" data-e-type=\"widget\" data-widget_type=\"heading.default\">\n\t\t\t\t<div class=\"elementor-widget-container\">\n\t\t\t\t\t<h2 class=\"elementor-heading-title elementor-size-default\">LUDIQUE<\/h2>\t\t\t\t<\/div>\n\t\t\t\t<\/div>\n\t\t\t\t\t<\/div>\n\t\t<\/div>\n\t\t\t\t<div class=\"elementor-column elementor-col-66 elementor-top-column elementor-element elementor-element-5e9a0216\" data-id=\"5e9a0216\" data-element_type=\"column\" data-e-type=\"column\">\n\t\t\t<div class=\"elementor-widget-wrap elementor-element-populated\">\n\t\t\t\t\t\t<div class=\"elementor-element elementor-element-6c4b0f0a elementor-widget elementor-widget-text-editor\" data-id=\"6c4b0f0a\" data-element_type=\"widget\" data-e-type=\"widget\" data-widget_type=\"text-editor.default\">\n\t\t\t\t<div class=\"elementor-widget-container\">\n\t\t\t\t\t\t\t\t\t<p><span style=\"color: #ff99cc;\">Le coin des joueurs<\/span><\/p>\n<p><a href=\"https:\/\/fcalorient.fr\/index.php\/elementor-396\/\"><span style=\"color: #ff99cc;\">P\u00e9tanque<\/span><\/a><\/p>\n<p><a href=\"https:\/\/fcalorient.fr\/index.php\/elementor-416\/\"><span style=\"color: #ff99cc;\">Scrabble<\/span><\/a><\/p>\t\t\t\t\t\t\t\t<\/div>\n\t\t\t\t<\/div>\n\t\t\t\t\t<\/div>\n\t\t<\/div>\n\t\t\t\t\t<\/div>\n\t\t<\/section>\n\t\t\t\t<section class=\"elementor-section elementor-top-section elementor-element elementor-element-dc9c619 elementor-section-boxed elementor-section-height-default elementor-section-height-default\" data-id=\"dc9c619\" data-element_type=\"section\" data-e-type=\"section\">\n\t\t\t\t\t\t<div class=\"elementor-container elementor-column-gap-default\">\n\t\t\t\t\t<div class=\"elementor-column elementor-col-33 elementor-top-column elementor-element elementor-element-77f9f450\" data-id=\"77f9f450\" data-element_type=\"column\" data-e-type=\"column\">\n\t\t\t<div class=\"elementor-widget-wrap elementor-element-populated\">\n\t\t\t\t\t\t<div class=\"elementor-element elementor-element-7b19e7a3 elementor-widget elementor-widget-heading\" data-id=\"7b19e7a3\" data-element_type=\"widget\" data-e-type=\"widget\" data-widget_type=\"heading.default\">\n\t\t\t\t<div class=\"elementor-widget-container\">\n\t\t\t\t\t<h2 class=\"elementor-heading-title elementor-size-default\">MUSICAL<\/h2>\t\t\t\t<\/div>\n\t\t\t\t<\/div>\n\t\t\t\t\t<\/div>\n\t\t<\/div>\n\t\t\t\t<div class=\"elementor-column elementor-col-66 elementor-top-column elementor-element elementor-element-d6d98df\" data-id=\"d6d98df\" data-element_type=\"column\" data-e-type=\"column\">\n\t\t\t<div class=\"elementor-widget-wrap elementor-element-populated\">\n\t\t\t\t\t\t<div class=\"elementor-element elementor-element-7a73ecee elementor-widget elementor-widget-text-editor\" data-id=\"7a73ecee\" data-element_type=\"widget\" data-e-type=\"widget\" data-widget_type=\"text-editor.default\">\n\t\t\t\t<div class=\"elementor-widget-container\">\n\t\t\t\t\t\t\t\t\t<p><a href=\"https:\/\/fcalorient.fr\/index.php\/elementor-332\/\"><span style=\"color: #ff9900;\">Chorale Mouezh Al Lun<\/span><\/a><\/p>\n<p><span style=\"color: #ff9900;\"><a href=\"https:\/\/fcalorient.fr\/index.php\/elementor-958\/\" style=\"color: #ff9900;\">Chorale\u00a0<\/a>Voix Si Voix La<\/span><\/p>\t\t\t\t\t\t\t\t<\/div>\n\t\t\t\t<\/div>\n\t\t\t\t\t<\/div>\n\t\t<\/div>\n\t\t\t\t\t<\/div>\n\t\t<\/section>\n\t\t\t\t<section class=\"elementor-section elementor-top-section elementor-element elementor-element-1f212163 elementor-section-boxed elementor-section-height-default elementor-section-height-default\" data-id=\"1f212163\" data-element_type=\"section\" data-e-type=\"section\">\n\t\t\t\t\t\t<div class=\"elementor-container elementor-column-gap-default\">\n\t\t\t\t\t<div class=\"elementor-column elementor-col-33 elementor-top-column elementor-element elementor-element-4f401623\" data-id=\"4f401623\" data-element_type=\"column\" data-e-type=\"column\">\n\t\t\t<div class=\"elementor-widget-wrap elementor-element-populated\">\n\t\t\t\t\t\t<div class=\"elementor-element elementor-element-2bdc6661 elementor-widget elementor-widget-heading\" data-id=\"2bdc6661\" data-element_type=\"widget\" data-e-type=\"widget\" data-widget_type=\"heading.default\">\n\t\t\t\t<div class=\"elementor-widget-container\">\n\t\t\t\t\t<h2 class=\"elementor-heading-title elementor-size-default\">PLEIN AIR<\/h2>\t\t\t\t<\/div>\n\t\t\t\t<\/div>\n\t\t\t\t\t<\/div>\n\t\t<\/div>\n\t\t\t\t<div class=\"elementor-column elementor-col-66 elementor-top-column elementor-element elementor-element-2dabe7b4\" data-id=\"2dabe7b4\" data-element_type=\"column\" data-e-type=\"column\">\n\t\t\t<div class=\"elementor-widget-wrap elementor-element-populated\">\n\t\t\t\t\t\t<div class=\"elementor-element elementor-element-7e5c5d18 elementor-widget elementor-widget-text-editor\" data-id=\"7e5c5d18\" data-element_type=\"widget\" data-e-type=\"widget\" data-widget_type=\"text-editor.default\">\n\t\t\t\t<div class=\"elementor-widget-container\">\n\t\t\t\t\t\t\t\t\t<p><a href=\"https:\/\/fcalorient.fr\/index.php\/elementor-374\/\"><span style=\"color: #ffffff;\">Marche douce<\/span><\/a><\/p>\n<p><a href=\"https:\/\/fcalorient.fr\/index.php\/elementor-396\/\"><span style=\"color: #ffffff;\">P\u00e9tanque<\/span><\/a><\/p>\n<p><a href=\"https:\/\/fcalorient.fr\/index.php\/elementor-404\/\"><span style=\"color: #ffffff;\">Randonn\u00e9e<\/span><\/a><\/p>\t\t\t\t\t\t\t\t<\/div>\n\t\t\t\t<\/div>\n\t\t\t\t\t<\/div>\n\t\t<\/div>\n\t\t\t\t\t<\/div>\n\t\t<\/section>\n\t\t\t\t<\/div>\n\t\t","protected":false},"excerpt":{"rendered":"<p>Le Foyer Culturel de l&rsquo;Amiti\u00e9\u00a0 en quelques mots : 200 adh\u00e9rent.e.s 20 animateurs animatrices une trentaine de b\u00e9n\u00e9voles 11 membres du Conseil d&rsquo;Administration une vingtaine d&rsquo;activit\u00e9s r\u00e9parties sur 6 jours par semaine et dans 6 grandes cat\u00e9gories : ARTISTIQUE Cr\u00e9atelier BIEN \u00caTRE Gymnastique \u00c9quilibre Sophrologie &#8211; Relaxation Yoga CULTUREL Anglais [&hellip;]<\/p>\n","protected":false},"author":1,"featured_media":101,"parent":0,"menu_order":0,"comment_status":"closed","ping_status":"closed","template":"","meta":{"om_disable_all_campaigns":false,"_monsterinsights_skip_tracking":false,"_monsterinsights_sitenote_active":false,"_monsterinsights_sitenote_note":"","_monsterinsights_sitenote_category":0,"footnotes":""},"class_list":["post-64","page","type-page","status-publish","has-post-thumbnail","hentry"],"_links":{"self":[{"href":"https:\/\/fcalorient.fr\/index.php\/wp-json\/wp\/v2\/pages\/64","targetHints":{"allow":["GET"]}}],"collection":[{"href":"https:\/\/fcalorient.fr\/index.php\/wp-json\/wp\/v2\/pages"}],"about":[{"href":"https:\/\/fcalorient.fr\/index.php\/wp-json\/wp\/v2\/types\/page"}],"author":[{"embeddable":true,"href":"https:\/\/fcalorient.fr\/index.php\/wp-json\/wp\/v2\/users\/1"}],"replies":[{"embeddable":true,"href":"https:\/\/fcalorient.fr\/index.php\/wp-json\/wp\/v2\/comments?post=64"}],"version-history":[{"count":53,"href":"https:\/\/fcalorient.fr\/index.php\/wp-json\/wp\/v2\/pages\/64\/revisions"}],"predecessor-version":[{"id":2396,"href":"https:\/\/fcalorient.fr\/index.php\/wp-json\/wp\/v2\/pages\/64\/revisions\/2396"}],"wp:featuredmedia":[{"embeddable":true,"href":"https:\/\/fcalorient.fr\/index.php\/wp-json\/wp\/v2\/media\/101"}],"wp:attachment":[{"href":"https:\/\/fcalorient.fr\/index.php\/wp-json\/wp\/v2\/media?parent=64"}],"curies":[{"name":"wp","href":"https:\/\/api.w.org\/{rel}","templated":true}]}}